et b be (352/(-55))/(4/(-10)). Calculate the greatest common factor of b and 80.
16
Let o = -52 - -88. What is the highest common factor of o and 12?
12
Suppose -1089 = 11*y - 22*y. Calculate the greatest common divisor of y and 9.
9
Let y = 74 + -74. Let p be (-1410)/(-8) + (-3)/12. Suppose p = j + 4*i, -j + y*i + i = -176. What is the highest common factor of j and 16?
16
Let k(o) = o**2 + 6*o + 4. Let v be k(-8). Suppose v = 3*i - 19. What is the highest common divisor of 91 and i?
13
Suppose 30 = 6*r - r. Let y(h) = -4*h + 0*h + 0*h + h**2 + r. Let k be y(4). Calculate the highest common divisor of k and 36.
6
Suppose 2*k - 5*l - 43 = -0*k, 5 = 5*l. Calculate the highest common divisor of k and 6.
6
Suppose -12 = -4*h - 0. Suppose h*k - 30 - 6 = 0. Calculate the greatest common factor of 84 and k.
12
Suppose 0*z = -2*z - 4, r - 3*z - 9 = 0. Let q = -9 - -33. What is the highest common divisor of q and r?
3
Let x(k) = k**3 + k**2 + k + 65. Let y be x(0). What is the highest common factor of y and 26?
13
Let t(h) = -h**3 + 5*h**2 - h - 4. Let v = 24 + -20. Let b be t(v). Calculate the highest common divisor of 64 and b.
8
Let c(g) = 41*g**2 + g + 1. Let q be c(-1). Let a = -17 + q. What is the highest common divisor of 3 and a?
3
Let v be ((-56)/(-6) - -4)/(1/3). Calculate the greatest common divisor of 32 and v.
8
Let d(h) = 2*h**2 - 7*h + 1. Let w be d(-6). What is the highest common divisor of w and 69?
23
Suppose 6*g = 8*g - 108. Let k(r) = r + 8. Let w be k(0). Let z = 14 - w. Calculate the greatest common factor of z and g.
6
Suppose 2*d - 3*f - 21 = 0, -4*d - 11 = -d + 4*f. Suppose x + 18 = 3*x. Calculate the greatest common factor of d and x.
3
Suppose -2*h - 3*h + 300 = 0. Let y = h - 34. What is the highest common factor of 39 and y?
13
Let i(t) = -5*t + 140. Let w be i(0). Calculate the highest common divisor of 35 and w.
35
Suppose k = -3, 0 = -5*j + j - 2*k + 118. Calculate the greatest common factor of 248 and j.
31
Suppose 5*l - 2*j - 94 = 0, -l - j = -0*l - 16. Suppose -4*b + 48 = -w, w + w + 60 = 5*b. Calculate the highest common factor of b and l.
6
Let r be (-9)/(-6) - 3/6. Let c = r + 9. Suppose -3*i + 0*i + 120 = 0. Calculate the highest common divisor of i and c.
10
Let j be 79 + 1/((-2)/8). What is the highest common factor of j and 30?
15
Let y(h) = h**2 + 5*h - 3. Let p be y(-7). Suppose -3*u + 166 = -65. What is the greatest common divisor of u and p?
11
Let b(r) = r**3 - r**2 + 26. Let p be b(0). Calculate the highest common factor of p and 13.
13
Suppose -22 = -3*u + 5*i, -u + 8 = 2*u + 2*i. What is the highest common divisor of 16 and u?
4
Suppose -33 = -5*n + 2*n. Let z be (-4)/(-3)*6/4. Suppose -s + z*s - 99 = 0. What is the greatest common factor of s and n?
11
Suppose 0 = 3*k + 2*n - 7, 0 = 3*n + n - 8. Calculate the greatest common divisor of k and 29.
1
Let p(r) = -15*r**3 + r**2 + r - 1. Let h be p(-3). Let f be (-2)/5 + h/25. What is the highest common divisor of 16 and f?
16
Suppose 20 = c + v, 3*c - 2*c + 10 = 5*v. Let o be 3*4/6 - -28. What is the highest common divisor of c and o?
15
Suppose 28 + 35 = 3*j. Suppose -j = -t - 2*t. Calculate the greatest common factor of t and 63.
7
Suppose 3276 = -8*k + 21*k. What is the highest common factor of k and 36?
36
Suppose -r + 1 + 7 = 0. Let a = 31 - -41. What is the greatest common divisor of a and r?
8
Let n be (-13)/(-52) - (-110)/8. What is the highest common divisor of n and 252?
14
Let q be (18/(-5))/(2/(-5)). Suppose -5*r + p - 4*p = -26, 0 = -3*p - q. Suppose -2*d = -r*d + 210. What is the greatest common divisor of d and 6?
6
Suppose 0 = 3*q + f - 360, -5*q + 600 = f + 3*f. Suppose -2*j + 4*j - q = 0. Let r(v) = v + 24. Let h be r(0). What is the greatest common factor of h and j?
12
Suppose 2*k + 334 = 4*p, k - 176 = -2*p - k. What is the greatest common factor of p and 17?
17
Suppose c - 24 = 106. What is the greatest common divisor of 52 and c?
26
Suppose 5*j = 542 + 63. Let l be (-41)/123 - 34/(-3). What is the highest common factor of j and l?
11
Let f = 16 - 8. Suppose -2*h + 4*o + 236 = 0, o = -5*h - 0*o + 601. Suppose 2*t - h = -t. Calculate the highest common factor of t and f.
8
Suppose 25 = -5*y + 2*q, -2*y - 3*y - 2*q - 5 = 0. Let c = -4 + 8. Let i = c + y. Calculate the greatest common divisor of i and 1.
1
Let a(q) = q + 8. Let h be a(-7). Suppose -5*f + 5 = 0, 6*f - f - 25 = -5*b. Suppose -h - b = -w. What is the greatest common divisor of w and 2?
1
Let r = 14 + 0. Calculate the greatest common divisor of 21 and r.
7
Let p(g) = 3*g - 2. Let d be p(-4). Let i = 36 + d. Let u be (-176)/(-6)*9/4. Calculate the highest common factor of i and u.
22
Let p(l) = -l**2 + 11*l + 39. Let a be p(13). Calculate the highest common factor of a and 13.
13
Let l be (6/4)/((-6)/(-8)). Suppose 0 = -2*d - 1 + 3. What is the highest common factor of d and l?
1
Let p be (250/(-4))/5*-2. Let q be 2/6 - 39/9. Let v = q + 9. What is the highest common divisor of v and p?
5
Let h(b) = 4*b + 4. Suppose -4*m - 4*r + 10 = -10, 2*m - r - 7 = 0. Let j be h(m). Suppose -55 - 45 = -5*k. Calculate the greatest common divisor of j and k.
20
Let k(y) = 3*y**2 - 5*y - 2. Let f be 18/3 + (-2)/1. Let j be k(f). What is the greatest common factor of 39 and j?
13
Let a be 3/(-45)*-62 - 4/30. Calculate the greatest common divisor of 36 and a.
4
Suppose 4 = -2*s + 18. Let a(r) be the first derivative of 11*r**2 - 2*r + 2. Let o be a(2). Calculate the greatest common factor of o and s.
7
Let v be (-645)/(-6)*4/5. Suppose -v = -2*t + 22. Let q = -30 - -48. Calculate the highest common divisor of t and q.
18
Let m(v) = v**2 - v + 2. Let t be m(4). What is the greatest common divisor of 14 and t?
14
Let d(b) = -b + 11. Let j be d(0). Calculate the greatest common factor of j and 33.
11
Let v(t) = 2*t**2 + 15*t - 5. Let x be v(-11). What is the highest common divisor of x and 9?
9
Suppose 2*b = -v - 2*v + 12, 21 = 5*v + 3*b. What is the highest common factor of v and 42?
6
Suppose 0 = 2*n - 5*q - 5, -2*q + 1 = -n + 4. Suppose -n*d = -d - 60. Let k = -7 + d. Calculate the highest common factor of k and 4.
4
Suppose 0 = 2*w + 3*p - 22, 2*w - 2*p - 14 = -p. What is the greatest common factor of w and 32?
8
Let i(s) = 4*s**2 - 5*s - 13. Let h(w) = -w**2 - w. Let l(z) = 3*h(z) + i(z). Let n be l(11). Calculate the greatest common divisor of 20 and n.
20
Let w(d) = -49*d - 3. Let x(a) = a**2 - 3*a - 7. Let p be x(5). Let r be w(p). Let g = r - -293. Calculate the highest common factor of g and 13.
13
Suppose -d = 1 - 19. What is the greatest common divisor of 18 and d?
18
Let n(a) = 2*a**2 + 11*a + 5. Let u be n(-6). Calculate the greatest common divisor of u and 88.
11
Let k(u) = -u**2 + 10*u + 6. Let q be k(8). What is the greatest common factor of 22 and q?
22
Let o(h) = -2*h + 4. Let z be o(5). Let s = -3 + -8. Let d = z - s. Calculate the highest common divisor of d and 35.
5
Let n(b) = 4*b**2 + 3*b. Suppose 7 = -5*m + 3*m - 3*t, 2*m - 4*t = 0. Let z be n(m). Calculate the highest common factor of z and 4.
2
Let f(j) = 37*j + 22. Let h be f(5). Calculate the highest common divisor of h and 9.
9
Let s = 4 - 2. Suppose 4*j + s - 10 = 0. What is the highest common divisor of 1 and j?
1
Let c = -6 - -12. Let f = 7 - 3. Let n be f/6*(-1 - -10). Calculate the highest common divisor of n and c.
6
Suppose -n + 1 = 7. Let b = -6 - n. Let w(l) = -l**3 + l**2 + l + 120. Let m be w(b). Calculate the greatest common divisor of 20 and m.
20
Let m(z) = z**2 + 9*z - 2. Let o be m(-9). Let w = o + -1. Let y be 246/9 - 2/w. Calculate the highest common divisor of y and 7.
7
Let x = 3 - -7. What is the highest common factor of 15 and x?
5
Let l(u) = -u**3 - 4*u**2 + 7*u - 6. Let z be l(-6). Calculate the highest common factor of 3 and z.
3
Suppose 3*k = -74 + 209. Suppose -3*n + 118 = 10. Let p be (0 - (-1)/2)*n. What is the greatest common divisor of p and k?
9
Let b(s) = s**2 + 3*s - 3. Let n be b(-5). Let g = n - 5. Suppose g*z + 24 = 6*z. What is the highest common divisor of z and 18?
6
Let a be -2*(-3 - (-228)/(-8)). What is the highest common factor of a and 42?
21
Let g(t) = 2*t**2 - 6*t - 8. Let a be g(-7). Calculate the greatest common factor of 12 and a.
12
Let r(i) = 3*i + i**2 - 2 + 